1. Let z(a) = -a**2 + 9*a + 3. Let p(v) = -5*m(v) + 2*z(v). Let i = -92 - -93. Calculate p(i).
-3
Let v = 17 + -13. Suppose w - v*t + 15 = t, -2*w + 3 = t. Let c(p) = p**2 + p + 14. Calculate c(w).
14
Let y(o) = o**3 + 10*o**2 - o - 5. Let a be y(-10). Let l(f) = f**2 + 3*f - 7. Let z(i) = -i**2 - 2*i + 6. Let v(g) = a*l(g) + 6*z(g). What is v(-2)?
-9
Let h(w) = 9*w**2 + 1. Suppose 5 + 0 = 5*a. Determine h(a).
10
Let v(h) = 5*h**2 - 14*h - 3. Let q(l) = 4*l**2 - 13*l - 3. Let x(n) = -6*q(n) + 5*v(n). Give x(-4).
-13
Let k be 0 + -1 + 3 + 1. Suppose k*v = -3*c + 12, c = 4*v - 1 - 0. Let m(w) = c - 1 - 4 - w + 0*w. Determine m(4).
-6
Let g(n) = n**3 + n + 4. Let a(p) = -p + 2. Let k be -3 + 1 - 4*-1. Let d be a(k). Calculate g(d).
4
Let s(x) be the third derivative of -x**4/24 + x**2. Suppose 5*b + 6 - 21 = 0. Determine s(b).
-3
Let s(a) = -2*a - 1. Suppose -2*r = -0*r. Suppose -5*k + 0*k + 15 = r. Determine s(k).
-7
Let c(r) = -r**2 + 4*r - 3. Let k(b) = b**3 - 5*b**2 + b - 1. Let i be k(4). Let f = i + 16. What is c(f)?
0
Let l(t) = -5*t**2 - 4 + 4*t**2 + 2*t + 0*t. Let u = 8 + -10. Let j be 0 - u - (-5 - -4). What is l(j)?
-7
Suppose -10*a = -11*a + 5. Let x(z) = z - 1 + 0 + 0. Give x(a).
4
Let k(v) = 13*v**3 - 17*v**2 + 2*v - 11. Let q(c) = 7*c**3 - 9*c**2 + c - 6. Let i(z) = -6*k(z) + 11*q(z). Calculate i(2).
2
Let b be (-5 - -11) + -1 - 4. Let k(i) = 23*i**3 - 1. Calculate k(b).
22
Let t(u) = 3*u**3 + 5*u**2 + 4*u - 11. Let j(w) = 4*w**3 + 4*w**2 + 4*w - 13. Let x(l) = -2*j(l) + 3*t(l). Give x(-6).
5
Suppose 3*t = -3*l - 6, 2*t - 11 = 2*l - 31. Let a = 8 + t. Let z(k) = -k**3 - 4*k - k**3 + 4*k**2 + 2 + 1. What is z(a)?
-5
Let i(x) be the second derivative of x**3/3 + 3*x**2/2 - 2*x. Let a(c) = 3*c + 3. Let m be -11 + 8 - (-1 - 6). Let v(z) = m*i(z) - 3*a(z). Determine v(-4).
7
Suppose -4*s + 48 - 28 = 0. Let i = 5 + -3. Let t(b) = -3*b - b + i + 5*b. Give t(s).
7
Let i = -29 - -34. Let w(g) be the third derivative of g**4/12 - 5*g**3/6 + g**2. What is w(i)?
5
Let h(f) = f**3 - 5*f**2 - 5*f - 1. Let g be h(6). Let a = g + 0. Suppose -13 = -2*t - a. Let z(o) = o**3 - 4*o**2 + o. What is z(t)?
4
Let a(r) = r - 5. Let k = -8 - -20. Suppose -3*b + 4 = -4*s, 0*b - 5*b + k = -4*s. Determine a(b).
-1
Suppose -2*m + 3 = -2*g - 3, -3*m + 4*g = -8. Let j(h) = 2*h**2 - m + h**3 + 3 - 5*h + 0*h**2 - 2. Let r = -12 - -9. Determine j(r).
3
Let c(n) = 9*n**3 - n**2 - n + 1. Let z be (-8)/6*-3 + -3. Calculate c(z).
8
Suppose -4*j + 16 = -3*c, j = -0*c + 4*c + 4. Suppose 5*d - b + 14 = c, 2 = -b - b. Let r(t) = t**3 + 5*t**2 + 3*t - 2. Determine r(d).
7
Let a = 1 + -6. Let u(p) be the second derivative of p**3/3 + 7*p**2/2 + 3*p. What is u(a)?
-3
Let d be (2/(-3))/((-2)/12). Let b be (-1)/(-2) + 45/10. Let g(t) = -1 - b*t - 1 + 4*t**2 - 3*t**2 - 2. What is g(d)?
-8
Let u(w) be the first derivative of 2/3*w**3 - w + 2*w**4 + 2 + 0*w**2. Let i be (0 + -3)*1/3. Determine u(i).
-7
Let y(x) = -2 - 121*x**2 + 114*x**2 - x**3 + 2*x - 8*x. Give y(-6).
-2
Let d(w) be the second derivative of -w**4/6 - w**3/6 + w**2/2 + 2*w. Suppose -2*s = 5*n - 15, 2*n - 4*s - 7 = -5*s. What is d(n)?
-2
Suppose 0 = -5*x - x + 42. Let r(l) = -l**2 + 7*l - 6. Give r(x).
-6
Let z be 2/(-1)*14/4. Let q(s) = -2*s - 7. Give q(z).
7
Let l(v) = 12*v + v**2 - 11*v + 8*v**2. Give l(-1).
8
Let c(t) = 3*t + 3. Suppose -s + 3*s = 4*r - 12, -4*s + 1 = -3*r. What is c(r)?
18
Let s(f) = -f**3 + f**2 - 1. Let a(h) = 3*h**3 + 3*h**2 - 6*h + 6. Let r(j) = -a(j) - 4*s(j). Give r(6).
-2
Let q(i) be the first derivative of i**4/4 + i**3 - 3*i**2/2 + i - 2. Give q(-4).
-3
Let r be 1/((-1)/2 - -1). Let o(x) = r + 7*x**2 + x + 0*x**2 - 4*x**2. What is o(-2)?
12
Let z(t) = 3*t**2 - 2*t - 1. Suppose 4*u + 9 = 17. Give z(u).
7
Let k(s) = -s**2 - 7*s + 5. Let g(m) = 3*m - 2. Let u(q) = q - 15. Let t be u(10). Let c(n) = t*g(n) - 2*k(n). Determine c(1).
1
Let u(a) be the first derivative of -a**3/3 + 3*a**2/2 + 6*a - 3. Let f(b) be the first derivative of u(b). Determine f(2).
-1
Let h(q) = -q**3 - 10*q**2 - 2*q - 15. Let u be h(-10). Let d(m) = -m**3 - 2*m**2 - 2*m**2 + 0*m**2 + 7 + 3*m + 8*m**2. Give d(u).
-3
Let i(z) = z - 3. Let c(h) be the third derivative of h**6/120 - 7*h**5/60 - 3*h**4/8 + h**3/2 - 5*h**2. Let r be c(8). Calculate i(r).
-8
Suppose -11*v = -22 + 11. Let l(s) = -3*s + 1. Let k(d) = -7*d + 2. Let f(x) = 6*k(x) - 13*l(x). Determine f(v).
-4
Let a(m) = 4 - m + 9*m + 0*m**2 + m**2 + 2. What is a(-6)?
-6
Let j be (-6)/15 - 4/(-10). Suppose -2*g + 24 = 2*x, 0 = g - x - j - 2. Let u(k) = g - 6*k + 5*k + 3*k. Calculate u(-5).
-3
Let i(n) = n**3 + n**2 - 6. Suppose -3*k - g + 6*g = -5, 3 = -2*k - 3*g. What is i(k)?
-6
Let a = 2 + 3. Let l be (3/a)/((-3)/(-15)). Let w(d) = 2*d + 1. Calculate w(l).
7
Let v(u) be the third derivative of 0*u**3 + 1/120*u**6 + 0*u + 0*u**4 + 7*u**2 + 0 + 0*u**5. Give v(0).
0
Let x(d) = -d**2 - 2*d. Let g be 4*(3 + 5/(-2)). Suppose 0*t + 6 = -2*t, 2*t = -4*m - g. Let w = m + -2. Calculate x(w).
1
Let a(f) = 2*f**3 - 2*f - 1. Let c = 1 + 0. Let r = c + 0. Suppose p + r = -0. Give a(p).
-1
Let i be (-1)/(5/(-4) + 13/52). Let s(j) = 9*j + 1. What is s(i)?
10
Let h(s) = -2 + 6*s + 2*s**2 - s**2 + 3. Let u(m) = m**3 + 4*m**2 - 2*m + 9. Let r be u(-5). Determine h(r).
1
Let c(w) = -w**3 + 5*w**2 + 7*w + 1. Let f be c(6). Let u(v) = v - 2. Determine u(f).
5
Suppose -3*x + 5*r = 31, 5*x + 5*r + 8 = 23. Let k(t) = t**3 + 3*t**2 + t. Determine k(x).
2
Suppose -3*d + 132 = -6*d. Let p = -16 - d. Let a be p/(-6) + 2/(-6). Let z(c) = c**3 + 5*c**2 + c + 3. Determine z(a).
-2
Let i(s) = 3 - 2*s - 6*s - 6 + 11*s. Determine i(4).
9
Let g(n) = n**2 + 8*n + 2. Let w(t) be the first derivative of -t**4/4 + 2*t - 2. Let m be w(2). Give g(m).
-10
Let q be (-2)/5 - (2 - (-96)/(-15)). Let i(x) = x**3 - 3*x**2 - 3*x + 5. Give i(q).
9
Let l(x) = x**2 + 8*x + 3. Suppose -3*t - i - 9 + 0 = 0, -4*t = 2*i + 10. What is l(t)?
-13
Let u be -4 - (15/(-3))/(-5). Let w(t) = t**2 + 5*t + 1. Give w(u).
1
Let t = -1 - -1. Let b(j) = -13 + 19 - j**2 + 2*j**2 + j. What is b(t)?
6
Let a = 8 - 6. Let r(j) be the second derivative of -5/2*j**a + 2*j + 0 - 1/6*j**3. Calculate r(0).
-5
Let m(p) be the first derivative of p**4/4 + 4*p**3/3 - 2*p**2 + 4*p + 13. Give m(-5).
-1
Let x(w) = 21*w**2 - w. Let v be x(1). Let d(h) = -13*h - 3 - 1 + v*h - 2*h**2. Let j = 11 - 7. Give d(j).
-8
Let o(q) = 2*q - 1. Let y(l) = -1. Let g(r) = o(r) + 2*y(r). Let h(t) = 4*t + 1. Let w be h(6). Suppose 4*p + 9 - w = 0. Give g(p).
5
Let n(m) be the second derivative of 0*m**2 + 1/3*m**3 - 1/12*m**4 + 0 - 6*m. What is n(2)?
0
Let m(a) = -6*a**2 + 5*a - a**3 + 4 + 1 + a + 1. Determine m(-7).
13
Let l(a) = 7*a**2 - 2*a + 1. Let q = 0 + 1. Determine l(q).
6
Let j(o) = -o - 9. Let m(w) = 1. Let d(i) = j(i) - 4*m(i). Suppose -8 = -5*p + 7. Suppose -2*q - h = -3*h + 20, 0 = -p*q + 5*h - 38. Give d(q).
-7
Let s(p) = -8 + 4*p + 3*p - 5*p + p. Determine s(6).
10
Let z(a) = -23*a**3 - a. Let y(i) = -i**3 + 4*i**2 + i - 1. Let t be y(0). Calculate z(t).
24
Suppose 2*p = -2*u + 14, 0*u + 4*p - 20 = -2*u. Let l(x) = -2*x + 1. Determine l(u).
-7
Let g(h) = -24*h**2 - 5*h. Let i(s) = -16*s**2 - 3*s. Suppose 4*f + 5 = -3, 5*k + 46 = -3*f. Let u(t) = k*i(t) + 5*g(t). What is u(1)?
7
Let c(o) = -o - 4. Suppose 2*f + 5*q = 7 - 32, -5*f + 4*q - 13 = 0. Let l be c(f). Let w(i) = -2*i**2 + i. Determine w(l).
-1
Let b(c) = -11*c + 1. Let q = 135 + -136. Calculate b(q).
12
Let j(o) = o**3 - 4*o**2 - 5*o + 3. Let h be j(5). Suppose 5*m - 8 = h*m. Let t(c) = c**3 - 4*c**2 - c + 4. Determine t(m).
0
Let g(v) = 3*v - 1. Let a = 7 + -12. Let l(f) = f**3 + 3*f**2 - 3*f + 1. Let s be l(-4). Let o = a - s. What is g(o)?
-7
Let c(t) = -t**3 - 7*t**2 - 7*t - 2. Let j(b) = -b**3 - 4*b**2 + b - 2. Let r be j(-4). Determine c(r).
4
Suppose h + 4*h = 30. Let f(x) = x**2 - x - 2 - 7*x + x. Calculate f(h).
-8
Let h(u) be the first derivative of u**3/3 + 9*u**2/2 + 6*u - 8. Determine h(-6).
-12
Let g(b) = 2*b**2 - 6. Let x be g(0). Let d(s) = s**2 + 7*s + 9. What is d(x)?
3
Let b(h) = -h. Let l(p) = -7*p + 2. Let d(a) = 3*b(a) - l(a). What is d(5)?
18
Let i(l) = -l**3 - 9*l**2 - 9*l - 12. Suppose -3*v = -f + 1, 0*f = 3*f - 2*v + 18. Determine i(f).
-4
Suppose -5*p - 2*